. Suppose 2*p - 5*t = -1, r*p - 3*t + j*t = 68. Is p a multiple of 4?
True
Let j = 16 + -14. Suppose 0*x - 5*p = j*x - 137, -374 = -5*x - 2*p. Is 19 a factor of x?
True
Is (60016/440)/((-2)/(-10)) a multiple of 31?
True
Let z = -6 - -8. Suppose -7*m + 3*m + 100 = -2*y, -z*m = -3*y - 42. Suppose -m = -b + 5*v, -6*b + 4*v = -8*b + 54. Is 9 a factor of b?
True
Let x(v) = -5*v**3 + 2*v**2 + 2*v + 3. Let g(d) = -d + 1. Let t be g(3). Does 9 divide x(t)?
False
Let w(y) = y**2 + y. Let s(t) = 2*t**2 + 16*t - 18. Let z(n) = s(n) - 3*w(n). Does 4 divide z(9)?
False
Let r be (-3)/((15/(-20))/1). Suppose -o + 8*m = 7*m - 93, 3*o = -r*m + 258. Is o a multiple of 15?
True
Is (14/3)/(6*4/1224) a multiple of 34?
True
Let g(x) = x**2 + 29*x - 87. Is g(-38) a multiple of 6?
False
Suppose 0 = 3*q + 9, -12 = -z + 4*q - q. Suppose z*r = 4*r. Suppose p - 19 = -r*p. Is 19 a factor of p?
True
Suppose -3*l = -t + 9, -4*l - 6 - 6 = 2*t. Let b = 2 + l. Is 3 a factor of b - (-2 - (2 + 8))?
False
Let n(d) = -123*d - 430. Is 19 a factor of n(-14)?
True
Let d = -213 + 345. Does 12 divide d?
True
Let k = 212 + -96. Is k a multiple of 4?
True
Let z(v) = v**2 - 6*v - 26. Let m = 12 - -1. Does 26 divide z(m)?
False
Let l(c) = -c**3 - 2*c**2 - 2*c - 2. Let y be l(-2). Let b = y - 0. Is -2 - b*(-7 - -3) a multiple of 2?
True
Let x(j) = -8*j - 5. Let c be x(-11). Suppose 4*s = -4*k + 208, 156 = 5*s - 2*k - c. Suppose s = 4*n - 51. Is 25 a factor of n?
True
Is (-1)/(7/(-3598)) - -1 a multiple of 22?
False
Suppose 20*d + 16 = -104. Is 10 a factor of ((-100)/d - 0)/((-122)/(-915))?
False
Let t(z) = -200*z + 1. Does 67 divide t(-1)?
True
Is (-2 - -64)/((-1)/(-12)) a multiple of 10?
False
Let a be 0/1 + 20 - 2. Suppose -8*p = -114 + 90. Suppose a = p*b - 2*b. Is 4 a factor of b?
False
Let y = -2 + 6. Suppose 3*v - 5*c = -0*v + 238, -y*v - c + 302 = 0. Suppose 244 = 4*g - v. Is 20 a factor of g?
True
Let c = -33 - -35. Is (-6)/(((-8)/20)/c) a multiple of 5?
True
Does 44 divide 306/7 - (-1)/((-77)/(-22))?
True
Let z(f) = -65*f + 1025. Is z(-23) a multiple of 12?
True
Let o = -553 - -2072. Does 25 divide o?
False
Let u(n) = 30*n - 283. Is u(12) a multiple of 26?
False
Is 4/((-80)/(-5995)) + (-5)/(-4) a multiple of 43?
True
Let s = 361 + -168. Let n = s + -125. Does 17 divide n?
True
Suppose 910 + 296 = 3*w. Is 19 a factor of w?
False
Let u(m) = 2*m**3 - 3*m**3 + 2*m**3 + 10*m - 3*m - 8*m**2 + 8. Let o be -3*((-10)/6 - 1). Does 32 divide u(o)?
True
Let c(b) = -5*b - 67. Is c(-23) a multiple of 5?
False
Let m = 15 - 7. Suppose 0 = m*q - 0*q - 192. Is q a multiple of 15?
False
Suppose 3*c = -2*c + 10. Suppose 4*g - 28 = -2*t, -3*t + 14 = g - c*g. Is t even?
True
Let p = 62 + 18. Let q = p + -44. Does 5 divide q?
False
Let p = -55 + 14. Let s = p - -84. Is 10 a factor of s?
False
Suppose 589160 = -3*h + 106*h. Is h a multiple of 104?
True
Suppose 0 = -5*r + 4*y + 75, -6*y + 2*y - 53 = -3*r. Does 11 divide r?
True
Let o(k) = -5*k**2. Let d be o(-1). Let n(w) = w**3 + 4*w**2 - 6*w + 7. Is 12 a factor of n(d)?
True
Let l(z) = z**3 + 13*z**2 + 22*z + 16. Let o be l(-11). Suppose 7*v - 152 = o. Is v a multiple of 8?
True
Suppose p + 6 = -3*m - p, -4*m - 2*p - 6 = 0. Suppose m*o = 4*o. Suppose 3*b + 8*d - 58 = 3*d, o = -2*b - 2*d + 36. Is b a multiple of 2?
True
Suppose 4*t + 53 = -3*x + 6*x, -56 = -3*x + t. Is x a multiple of 6?
False
Let l = -272 - -500. Does 76 divide l?
True
Let z(y) = -63*y**3 - y**2 + 2*y - 1. Let p be z(1). Does 7 divide (1 + p/(-12))*8?
False
Suppose -4*t = 2*z - 6*t + 12, -4*z + 5*t = 23. Let p(y) = y**2 + 7*y + 2. Let n be p(z). Suppose -4*i = -2*a - 74, -n*i + 44 + 13 = -5*a. Is i a multiple of 4?
True
Let l(m) = -19*m - 4. Let d(k) = k - k + k + 0. Let f(n) = 3*d(n) + l(n). Does 7 divide f(-2)?
True
Let i = 0 - -1. Is 251/1 + -1 + i a multiple of 43?
False
Suppose 8*c = 6*c + 40. Let u = c - -69. Let o = -30 + u. Does 20 divide o?
False
Let l(p) be the third derivative of 11*p**5/60 - p**4/3 + 5*p**3/6 + 5*p**2. Let u(f) = 5*f**2 - 4*f + 3. Let m(o) = -3*l(o) + 7*u(o). Is m(5) a multiple of 12?
True
Is (24 - -6)/((-2)/(-26)) a multiple of 13?
True
Let i(d) = 10*d**2 + 3*d - 34. Is i(8) a multiple of 70?
True
Suppose 21 = -0*f + 7*f. Is 3 a factor of (-2)/(-3) - 13/f*-4?
True
Let q(v) = -v**3 + v + 15. Let w be (-1 - -2)*(3 + -3). Suppose -3*d + 5*c + 9 + 1 = w, -3*d - c - 2 = 0. Does 15 divide q(d)?
True
Suppose -126*k + 462 = -125*k. Suppose 4*w + w - 4*n = 577, 3*n + k = 4*w. Is w a multiple of 13?
True
Let f(w) = 140*w - 158. Is f(13) a multiple of 59?
False
Suppose -3*a = -7*a - 4, 5*i - 629 = 4*a. Suppose -25 = -6*o + o, -4*y = o + 351. Let x = i + y. Does 16 divide x?
False
Is 10 a factor of (4 + 876)*12/30?
False
Let d = -11 + 1. Let n(l) be the first derivative of -l**4/4 - 3*l**3 + 3*l**2 - 4*l + 66. Is n(d) a multiple of 18?
True
Is -5*(-4)/(-10) - (-376)/1 even?
True
Let n(j) = -j**3 - 7*j**2 + 4*j + 15. Let u be n(-7). Let l = u - -4. Let k(a) = -a**3 - 10*a**2 - 11*a + 3. Does 7 divide k(l)?
True
Let q(d) = -3*d**2 - 2*d - 3. Let k be q(-2). Let i(r) be the first derivative of -3*r**2 - 16*r - 103. Is 10 a factor of i(k)?
True
Is 3 a factor of ((-396)/(-45) + -6)*160?
False
Let b(p) = p**3 - 5*p**2 + 4*p + 9. Let t be b(-5). Let y = t + 371. Is 20 a factor of y?
False
Let p = 4266 - 2518. Is p a multiple of 38?
True
Suppose -2*p + 1050 = p + 3*b, -1064 = -3*p + 4*b. Does 16 divide p?
True
Let z = 370 - 144. Suppose 6*f + 34 = z. Is 16 a factor of f?
True
Suppose 0 = 9*c + 2 - 20. Suppose y + 40 = 3*b, 33 = 2*b + y - c. Is b a multiple of 10?
False
Suppose 3*s + 3*l + 9 = -0*s, -17 = 4*s + 5*l. Suppose h - 6 = -s. Is (h + -7)/((-3)/43) a multiple of 14?
False
Let d(p) = 2*p - p**3 - 2*p**2 - 1 + 3 - 4*p**3 - 3. Let c be d(1). Is 3/c*-86 - -4 a multiple of 11?
False
Let s(m) = 4*m**2 + 29*m - 167. Is s(-21) a multiple of 38?
True
Let o(p) = -p**3 + p**2 - 25*p - 65. Does 15 divide o(-5)?
True
Let j(l) = l**2 - 2*l + 1560. Is 9 a factor of j(0)?
False
Let a(o) be the first derivative of -o**3/3 - 7*o**2 - 9*o + 5. Is 5 a factor of a(-10)?
False
Let r be 130/14 + 2/(-7). Let z(h) = -5*h + 6. Let a(i) = i - 1. Let j(m) = -4*a(m) - z(m). Is j(r) a multiple of 2?
False
Suppose 3*c + 11 = -x, -2*c - 15 = -3*x - 4. Let d be (-1)/(-4) - 431/c. Suppose -l = -3*l + d. Is 18 a factor of l?
True
Does 49 divide 4846/4 + (-231)/66?
False
Let x = -125 + 195. Let l = -17 + x. Suppose l = 3*d - 37. Does 15 divide d?
True
Is 19 a factor of 8 + 1796 + 3/3?
True
Let m be (0/(-2) + 2)*233. Suppose -1562 = -6*r + m. Suppose -5*s - 38 = -r. Is s a multiple of 15?
True
Let l be 44/7 - 12/42. Suppose 3*n = -6, 0*d + 2*d - 6 = n. Suppose -x = d - l. Does 4 divide x?
True
Let j(a) = 758*a + 312. Is 11 a factor of j(4)?
True
Let i(d) = -d**2 + d + 5. Let r be i(5). Let l = r + 21. Suppose 5*n - l*n = -44. Is 22 a factor of n?
True
Suppose 0*y = 4*y + 16. Let n be ((-8)/y + -1)*-29. Let m = 61 - n. Is 27 a factor of m?
False
Let w(b) = -5*b**2 - 2*b + 9. Let a(z) = -2*z**2 - z + 3. Let i(k) = -8*a(k) + 3*w(k). Suppose 3*h = 5*h + 14. Is i(h) a multiple of 9?
False
Let b(a) be the third derivative of -17/6*a**3 + 0 - 1/12*a**4 + 0*a - 5*a**2. Is b(-12) a multiple of 2?
False
Suppose -2*m + 3*u - 72 = 0, u = -0*m - m - 36. Let y = 46 - m. Suppose 4*f = y + 250. Is 21 a factor of f?
False
Suppose 7*p - 11*p = 0. Suppose 3*z - 212 = 2*y - 0*y, p = -2*z - y + 139. Is 17 a factor of z?
False
Let i(g) = -g**3 - 15*g**2 + 5*g + 38. Let a be i(-11). Is 11 a factor of (-8)/(-12)*-1 + a/(-9)?
True
Suppose -5*p + 13 = 3*n, 6*n = n - 5*p + 15. Is 15 a factor of (0 - (33 + -4))*(-2)/n?
False
Let w(o) = 5*o + 24. Let k be w(-8). Let g = k - -16. Suppose -u + 4*u - 15 = g. Is 3 a factor of u?
False
Let l be -5*((-258)/(-15) + -2). Let s be 2/8 + l/(-16). Suppose -f + 5*u = -25, s*f - 12 - 113 = 4*u. Does 25 divide f?
True
Let h(u) be the first derivative of -u**4 - u**3/3 + 3*u**2/2 + u - 66. Let j(r) = -r + 1. Let k be j(3). Is h(k) a multiple of 5?
False
Suppose f = 22 + 16. Let q = f + -19. Does 2 divide q?
False
Let b = 14 - 30. Let j = b - -18. Suppose -153 = -5*q + j*q. Does 17 divide q?
True
Does 6 divide (-861)/(-8) + (-429)/(-1144)?
True
Suppose 2*l + 117 = 3*l + g, 5*g = 3*l - 351. Is l 